{"id":272,"date":"2013-12-24T13:21:11","date_gmt":"2013-12-24T12:21:11","guid":{"rendered":"http:\/\/www.gestionarsiglo21.com\/?page_id=272"},"modified":"2019-02-24T13:57:58","modified_gmt":"2019-02-24T12:57:58","slug":"region","status":"publish","type":"page","link":"http:\/\/www.rseapmu.org\/?page_id=272","title":{"rendered":"Regi\u00f3n"},"content":{"rendered":"<p style=\"text-align: justify;\">Desde Gestionar Siglo XXI no queremos olvidar las cuestiones referentes a nuestra Regi\u00f3n. En este sentido prestaremos especial atenci\u00f3n a los retos que se nos presentan en desarrollo econ\u00f3mico, tecnol\u00f3gico, educativo y social, impulsando Proyectos Tractores para lograr estos fines de progreso.<\/p>\n","protected":false},"excerpt":{"rendered":"<p>Desde Gestionar Siglo XXI no queremos olvidar las cuestiones referentes a nuestra Regi\u00f3n. En este sentido prestaremos especial atenci\u00f3n a los retos que se nos presentan en desarrollo econ\u00f3mico, tecnol\u00f3gico, educativo y social, impulsando Proyectos Tractores para lograr estos fines &hellip; <a href=\"http:\/\/www.rseapmu.org\/?page_id=272\">Sigue leyendo <span class=\"meta-nav\">&rarr;<\/span><\/a><\/p>\n","protected":false},"author":1,"featured_media":0,"parent":0,"menu_order":0,"comment_status":"closed","ping_status":"open","template":"","meta":[],"_links":{"self":[{"href":"http:\/\/www.rseapmu.org\/index.php?rest_route=\/wp\/v2\/pages\/272"}],"collection":[{"href":"http:\/\/www.rseapmu.org\/index.php?rest_route=\/wp\/v2\/pages"}],"about":[{"href":"http:\/\/www.rseapmu.org\/index.php?rest_route=\/wp\/v2\/types\/page"}],"author":[{"embeddable":true,"href":"http:\/\/www.rseapmu.org\/index.php?rest_route=\/wp\/v2\/users\/1"}],"replies":[{"embeddable":true,"href":"http:\/\/www.rseapmu.org\/index.php?rest_route=%2Fwp%2Fv2%2Fcomments&post=272"}],"version-history":[{"count":4,"href":"http:\/\/www.rseapmu.org\/index.php?rest_route=\/wp\/v2\/pages\/272\/revisions"}],"predecessor-version":[{"id":827,"href":"http:\/\/www.rseapmu.org\/index.php?rest_route=\/wp\/v2\/pages\/272\/revisions\/827"}],"wp:attachment":[{"href":"http:\/\/www.rseapmu.org\/index.php?rest_route=%2Fwp%2Fv2%2Fmedia&parent=272"}],"curies":[{"name":"wp","href":"https:\/\/api.w.org\/{rel}","templated":true}]}}