{"id":270,"date":"2013-12-24T13:20:27","date_gmt":"2013-12-24T12:20:27","guid":{"rendered":"http:\/\/www.gestionarsiglo21.com\/?page_id=270"},"modified":"2019-02-24T13:55:00","modified_gmt":"2019-02-24T12:55:00","slug":"gobernanza","status":"publish","type":"page","link":"http:\/\/www.rseapmu.org\/?page_id=270","title":{"rendered":"Gobernanza"},"content":{"rendered":"<p style=\"text-align: justify;\">En nuestros primeros diagn\u00f3sticos nos hemos encontrado con el Sistema, que opera impulsado por fuerzas de todo tipo y cuyo Gobierno, incluida la Econom\u00eda Pol\u00edtica, produce resultados que podemos observar en diversos Estados establecidos en el Mundo: Constituciones, Sistemas de Gobierno: Dictaduras, Democracias, laicas o no y, Geometr\u00eda del Poder. En este \u00e1rea trabajaremos sobre aspectos relacionados con la democracia, la mundializaci\u00f3n, la econom\u00eda o la globalizaci\u00f3n.<\/p>\n","protected":false},"excerpt":{"rendered":"<p>En nuestros primeros diagn\u00f3sticos nos hemos encontrado con el Sistema, que opera impulsado por fuerzas de todo tipo y cuyo Gobierno, incluida la Econom\u00eda Pol\u00edtica, produce resultados que podemos observar en diversos Estados establecidos en el Mundo: Constituciones, Sistemas de &hellip; <a href=\"http:\/\/www.rseapmu.org\/?page_id=270\">Sigue leyendo <span class=\"meta-nav\">&rarr;<\/span><\/a><\/p>\n","protected":false},"author":1,"featured_media":0,"parent":0,"menu_order":0,"comment_status":"closed","ping_status":"open","template":"","meta":[],"_links":{"self":[{"href":"http:\/\/www.rseapmu.org\/index.php?rest_route=\/wp\/v2\/pages\/270"}],"collection":[{"href":"http:\/\/www.rseapmu.org\/index.php?rest_route=\/wp\/v2\/pages"}],"about":[{"href":"http:\/\/www.rseapmu.org\/index.php?rest_route=\/wp\/v2\/types\/page"}],"author":[{"embeddable":true,"href":"http:\/\/www.rseapmu.org\/index.php?rest_route=\/wp\/v2\/users\/1"}],"replies":[{"embeddable":true,"href":"http:\/\/www.rseapmu.org\/index.php?rest_route=%2Fwp%2Fv2%2Fcomments&post=270"}],"version-history":[{"count":4,"href":"http:\/\/www.rseapmu.org\/index.php?rest_route=\/wp\/v2\/pages\/270\/revisions"}],"predecessor-version":[{"id":815,"href":"http:\/\/www.rseapmu.org\/index.php?rest_route=\/wp\/v2\/pages\/270\/revisions\/815"}],"wp:attachment":[{"href":"http:\/\/www.rseapmu.org\/index.php?rest_route=%2Fwp%2Fv2%2Fmedia&parent=270"}],"curies":[{"name":"wp","href":"https:\/\/api.w.org\/{rel}","templated":true}]}}