{"id":263,"date":"2013-12-22T19:29:19","date_gmt":"2013-12-22T18:29:19","guid":{"rendered":"http:\/\/www.gestionarsiglo21.com\/?page_id=263"},"modified":"2019-02-24T13:54:46","modified_gmt":"2019-02-24T12:54:46","slug":"galeria","status":"publish","type":"page","link":"http:\/\/www.rseapmu.org\/?page_id=263","title":{"rendered":"Galer\u00eda"},"content":{"rendered":"<h2>&#8220;Water and energy as instruments for peace&#8221;<\/h2>\n<h2>\n\t\t<style type=\"text\/css\">\n\t\t\t#gallery-1 {\n\t\t\t\tmargin: auto;\n\t\t\t}\n\t\t\t#gallery-1 .gallery-item {\n\t\t\t\tfloat: left;\n\t\t\t\tmargin-top: 10px;\n\t\t\t\ttext-align: center;\n\t\t\t\twidth: 100%;\n\t\t\t}\n\t\t\t#gallery-1 img {\n\t\t\t\tborder: 2px solid #cfcfcf;\n\t\t\t}\n\t\t\t#gallery-1 .gallery-caption {\n\t\t\t\tmargin-left: 0;\n\t\t\t}\n\t\t\t\/* see gallery_shortcode() in wp-includes\/media.php *\/\n\t\t<\/style>\n\t\t<div id='gallery-1' class='gallery galleryid-263 gallery-columns-1 gallery-size-thumbnail'><dl class='gallery-item'>\n\t\t\t<dt class='gallery-icon landscape'>\n\t\t\t\t<a href='http:\/\/www.rseapmu.org\/wp-content\/uploads\/2014\/01\/BfD69o3CQAAW75s.jpg'><img width=\"150\" height=\"113\" src=\"http:\/\/www.rseapmu.org\/wp-content\/uploads\/2014\/01\/BfD69o3CQAAW75s.jpg\" class=\"attachment-thumbnail size-thumbnail\" alt=\"\" decoding=\"async\" loading=\"lazy\" aria-describedby=\"gallery-1-458\" \/><\/a>\n\t\t\t<\/dt>\n\t\t\t\t<dd class='wp-caption-text gallery-caption' id='gallery-1-458'>\n\t\t\t\tLa Real Sociedad Econ\u00f3mica de Murcia particip\u00f3 en el Foro &#8220;Water and energy as instruments for peace&#8221;, organizado por D\u00f1a. Cristina Guti\u00e9rrez-Cortines en Bruselas el 28 de enero de 2014\n\t\t\t\t<\/dd><\/dl><br style=\"clear: both\" \/>\n\t\t<\/div>\n<\/h2>\n<h2>Ponencia &#8220;Los nuevos desequilibrios financieros y comerciales&#8221;\n\t\t<style type=\"text\/css\">\n\t\t\t#gallery-2 {\n\t\t\t\tmargin: auto;\n\t\t\t}\n\t\t\t#gallery-2 .gallery-item {\n\t\t\t\tfloat: left;\n\t\t\t\tmargin-top: 10px;\n\t\t\t\ttext-align: center;\n\t\t\t\twidth: 100%;\n\t\t\t}\n\t\t\t#gallery-2 img {\n\t\t\t\tborder: 2px solid #cfcfcf;\n\t\t\t}\n\t\t\t#gallery-2 .gallery-caption {\n\t\t\t\tmargin-left: 0;\n\t\t\t}\n\t\t\t\/* see gallery_shortcode() in wp-includes\/media.php *\/\n\t\t<\/style>\n\t\t<div id='gallery-2' class='gallery galleryid-263 gallery-columns-1 gallery-size-thumbnail'><dl class='gallery-item'>\n\t\t\t<dt class='gallery-icon portrait'>\n\t\t\t\t<a href='http:\/\/www.rseapmu.org\/wp-content\/uploads\/2014\/01\/IMG_9568.jpg'><img width=\"150\" height=\"150\" src=\"http:\/\/www.rseapmu.org\/wp-content\/uploads\/2014\/01\/IMG_9568-150x150.jpg\" class=\"attachment-thumbnail size-thumbnail\" alt=\"\" decoding=\"async\" loading=\"lazy\" \/><\/a>\n\t\t\t<\/dt><\/dl><br style=\"clear: both\" \/><dl class='gallery-item'>\n\t\t\t<dt class='gallery-icon portrait'>\n\t\t\t\t<a href='http:\/\/www.rseapmu.org\/wp-content\/uploads\/2013\/12\/IMG_9568.jpg'><img width=\"150\" height=\"150\" src=\"http:\/\/www.rseapmu.org\/wp-content\/uploads\/2013\/12\/IMG_9568-150x150.jpg\" class=\"attachment-thumbnail size-thumbnail\" alt=\"\" decoding=\"async\" loading=\"lazy\" \/><\/a>\n\t\t\t<\/dt><\/dl><br style=\"clear: both\" \/><dl class='gallery-item'>\n\t\t\t<dt class='gallery-icon portrait'>\n\t\t\t\t<a href='http:\/\/www.rseapmu.org\/wp-content\/uploads\/2013\/12\/IMG_9557.jpg'><img width=\"150\" height=\"150\" src=\"http:\/\/www.rseapmu.org\/wp-content\/uploads\/2013\/12\/IMG_9557-150x150.jpg\" class=\"attachment-thumbnail size-thumbnail\" alt=\"\" decoding=\"async\" loading=\"lazy\" aria-describedby=\"gallery-2-315\" \/><\/a>\n\t\t\t<\/dt>\n\t\t\t\t<dd class='wp-caption-text gallery-caption' id='gallery-2-315'>\n\t\t\t\tPonencia de Gumersindo Ruiz Bravo en el Real Casino de Murcia el 7 de junio de 2013\n\t\t\t\t<\/dd><\/dl><br style=\"clear: both\" \/><dl class='gallery-item'>\n\t\t\t<dt class='gallery-icon portrait'>\n\t\t\t\t<a href='http:\/\/www.rseapmu.org\/wp-content\/uploads\/2014\/01\/IMG_9557.jpg'><img width=\"150\" height=\"150\" src=\"http:\/\/www.rseapmu.org\/wp-content\/uploads\/2014\/01\/IMG_9557-150x150.jpg\" class=\"attachment-thumbnail size-thumbnail\" alt=\"\" decoding=\"async\" loading=\"lazy\" \/><\/a>\n\t\t\t<\/dt><\/dl><br style=\"clear: both\" \/><dl class='gallery-item'>\n\t\t\t<dt class='gallery-icon portrait'>\n\t\t\t\t<a href='http:\/\/www.rseapmu.org\/wp-content\/uploads\/2014\/01\/IMG_9566.jpg'><img width=\"150\" height=\"150\" src=\"http:\/\/www.rseapmu.org\/wp-content\/uploads\/2014\/01\/IMG_9566-150x150.jpg\" class=\"attachment-thumbnail size-thumbnail\" alt=\"\" decoding=\"async\" loading=\"lazy\" \/><\/a>\n\t\t\t<\/dt><\/dl><br style=\"clear: both\" \/><dl class='gallery-item'>\n\t\t\t<dt class='gallery-icon portrait'>\n\t\t\t\t<a href='http:\/\/www.rseapmu.org\/wp-content\/uploads\/2014\/01\/IMG_9562.jpg'><img width=\"150\" height=\"150\" src=\"http:\/\/www.rseapmu.org\/wp-content\/uploads\/2014\/01\/IMG_9562-150x150.jpg\" class=\"attachment-thumbnail size-thumbnail\" alt=\"\" decoding=\"async\" loading=\"lazy\" \/><\/a>\n\t\t\t<\/dt><\/dl><br style=\"clear: both\" \/><dl class='gallery-item'>\n\t\t\t<dt class='gallery-icon landscape'>\n\t\t\t\t<a href='http:\/\/www.rseapmu.org\/wp-content\/uploads\/2013\/12\/IMG_9563.jpg'><img width=\"150\" height=\"150\" src=\"http:\/\/www.rseapmu.org\/wp-content\/uploads\/2013\/12\/IMG_9563-150x150.jpg\" class=\"attachment-thumbnail size-thumbnail\" alt=\"\" decoding=\"async\" loading=\"lazy\" \/><\/a>\n\t\t\t<\/dt><\/dl><br style=\"clear: both\" \/><dl class='gallery-item'>\n\t\t\t<dt class='gallery-icon landscape'>\n\t\t\t\t<a href='http:\/\/www.rseapmu.org\/wp-content\/uploads\/2014\/01\/IMG_9571.jpg'><img width=\"150\" height=\"150\" src=\"http:\/\/www.rseapmu.org\/wp-content\/uploads\/2014\/01\/IMG_9571-150x150.jpg\" class=\"attachment-thumbnail size-thumbnail\" alt=\"\" decoding=\"async\" loading=\"lazy\" \/><\/a>\n\t\t\t<\/dt><\/dl><br style=\"clear: both\" \/><dl class='gallery-item'>\n\t\t\t<dt class='gallery-icon portrait'>\n\t\t\t\t<a href='http:\/\/www.rseapmu.org\/wp-content\/uploads\/2013\/12\/IMG_9566.jpg'><img width=\"150\" height=\"150\" src=\"http:\/\/www.rseapmu.org\/wp-content\/uploads\/2013\/12\/IMG_9566-150x150.jpg\" class=\"attachment-thumbnail size-thumbnail\" alt=\"\" decoding=\"async\" loading=\"lazy\" \/><\/a>\n\t\t\t<\/dt><\/dl><br style=\"clear: both\" \/><dl class='gallery-item'>\n\t\t\t<dt class='gallery-icon landscape'>\n\t\t\t\t<a href='http:\/\/www.rseapmu.org\/wp-content\/uploads\/2014\/01\/IMG_9563.jpg'><img width=\"150\" height=\"150\" src=\"http:\/\/www.rseapmu.org\/wp-content\/uploads\/2014\/01\/IMG_9563-150x150.jpg\" class=\"attachment-thumbnail size-thumbnail\" alt=\"\" decoding=\"async\" loading=\"lazy\" \/><\/a>\n\t\t\t<\/dt><\/dl><br style=\"clear: both\" \/><dl class='gallery-item'>\n\t\t\t<dt class='gallery-icon portrait'>\n\t\t\t\t<a href='http:\/\/www.rseapmu.org\/wp-content\/uploads\/2013\/12\/IMG_9562.jpg'><img width=\"150\" height=\"150\" src=\"http:\/\/www.rseapmu.org\/wp-content\/uploads\/2013\/12\/IMG_9562-150x150.jpg\" class=\"attachment-thumbnail size-thumbnail\" alt=\"\" decoding=\"async\" loading=\"lazy\" \/><\/a>\n\t\t\t<\/dt><\/dl><br style=\"clear: both\" \/><dl class='gallery-item'>\n\t\t\t<dt class='gallery-icon landscape'>\n\t\t\t\t<a href='http:\/\/www.rseapmu.org\/wp-content\/uploads\/2013\/12\/IMG_9573.jpg'><img width=\"150\" height=\"150\" src=\"http:\/\/www.rseapmu.org\/wp-content\/uploads\/2013\/12\/IMG_9573-150x150.jpg\" class=\"attachment-thumbnail size-thumbnail\" alt=\"\" decoding=\"async\" loading=\"lazy\" \/><\/a>\n\t\t\t<\/dt><\/dl><br style=\"clear: both\" \/>\n\t\t<\/div>\n<\/h2>\n<p><strong>\u00a0Ponencia &#8220;Ecolog\u00eda y supervivencia civilizatoria&#8221;<\/strong><\/p>\n\n\t\t<style type=\"text\/css\">\n\t\t\t#gallery-3 {\n\t\t\t\tmargin: auto;\n\t\t\t}\n\t\t\t#gallery-3 .gallery-item {\n\t\t\t\tfloat: left;\n\t\t\t\tmargin-top: 10px;\n\t\t\t\ttext-align: center;\n\t\t\t\twidth: 100%;\n\t\t\t}\n\t\t\t#gallery-3 img {\n\t\t\t\tborder: 2px solid #cfcfcf;\n\t\t\t}\n\t\t\t#gallery-3 .gallery-caption {\n\t\t\t\tmargin-left: 0;\n\t\t\t}\n\t\t\t\/* see gallery_shortcode() in wp-includes\/media.php *\/\n\t\t<\/style>\n\t\t<div id='gallery-3' class='gallery galleryid-263 gallery-columns-1 gallery-size-thumbnail'><dl class='gallery-item'>\n\t\t\t<dt class='gallery-icon landscape'>\n\t\t\t\t<a href='http:\/\/www.rseapmu.org\/wp-content\/uploads\/2013\/12\/11-julio-2013-4.jpg'><img width=\"150\" height=\"150\" src=\"http:\/\/www.rseapmu.org\/wp-content\/uploads\/2013\/12\/11-julio-2013-4-150x150.jpg\" class=\"attachment-thumbnail size-thumbnail\" alt=\"\" decoding=\"async\" loading=\"lazy\" \/><\/a>\n\t\t\t<\/dt><\/dl><br style=\"clear: both\" \/><dl class='gallery-item'>\n\t\t\t<dt class='gallery-icon landscape'>\n\t\t\t\t<a href='http:\/\/www.rseapmu.org\/wp-content\/uploads\/2013\/12\/11-julio-2013-3.jpg'><img width=\"150\" height=\"150\" src=\"http:\/\/www.rseapmu.org\/wp-content\/uploads\/2013\/12\/11-julio-2013-3-150x150.jpg\" class=\"attachment-thumbnail size-thumbnail\" alt=\"\" decoding=\"async\" loading=\"lazy\" \/><\/a>\n\t\t\t<\/dt><\/dl><br style=\"clear: both\" \/><dl class='gallery-item'>\n\t\t\t<dt class='gallery-icon landscape'>\n\t\t\t\t<a href='http:\/\/www.rseapmu.org\/wp-content\/uploads\/2013\/12\/11-julio-2013-2.jpg'><img width=\"150\" height=\"150\" src=\"http:\/\/www.rseapmu.org\/wp-content\/uploads\/2013\/12\/11-julio-2013-2-150x150.jpg\" class=\"attachment-thumbnail size-thumbnail\" alt=\"\" decoding=\"async\" loading=\"lazy\" \/><\/a>\n\t\t\t<\/dt><\/dl><br style=\"clear: both\" \/><dl class='gallery-item'>\n\t\t\t<dt class='gallery-icon landscape'>\n\t\t\t\t<a href='http:\/\/www.rseapmu.org\/wp-content\/uploads\/2013\/12\/11-julio-2013-1.jpg'><img width=\"150\" height=\"150\" src=\"http:\/\/www.rseapmu.org\/wp-content\/uploads\/2013\/12\/11-julio-2013-1-150x150.jpg\" class=\"attachment-thumbnail size-thumbnail\" alt=\"\" decoding=\"async\" loading=\"lazy\" aria-describedby=\"gallery-3-404\" \/><\/a>\n\t\t\t<\/dt>\n\t\t\t\t<dd class='wp-caption-text gallery-caption' id='gallery-3-404'>\n\t\t\t\tPonencia de Jos\u00e9 Miguel Colmenero Garc\u00eda en la Real Sociedad Econ\u00f3mica de Murcia el 11 de julio de 2013\n\t\t\t\t<\/dd><\/dl><br style=\"clear: both\" \/><dl class='gallery-item'>\n\t\t\t<dt class='gallery-icon landscape'>\n\t\t\t\t<a href='http:\/\/www.rseapmu.org\/wp-content\/uploads\/2014\/01\/11-julio-2013-e1390305240655.jpg'><img width=\"150\" height=\"150\" src=\"http:\/\/www.rseapmu.org\/wp-content\/uploads\/2014\/01\/11-julio-2013-150x150.jpg\" class=\"attachment-thumbnail size-thumbnail\" alt=\"\" decoding=\"async\" loading=\"lazy\" aria-describedby=\"gallery-3-398\" \/><\/a>\n\t\t\t<\/dt>\n\t\t\t\t<dd class='wp-caption-text gallery-caption' id='gallery-3-398'>\n\t\t\t\tPonencia de Jos\u00e9 Miguel Colmenero Garc\u00eda en la Sede de la Real Sociedad Econ\u00f3mica el 11 de julio de 2013\n\t\t\t\t<\/dd><\/dl><br style=\"clear: both\" \/>\n\t\t<\/div>\n\n<p><strong>Ponencia &#8220;La globalizaci\u00f3n: algunos aspectos para la gobernaci\u00f3n en el siglo XXI&#8221;<\/strong><\/p>\n\n\t\t<style type=\"text\/css\">\n\t\t\t#gallery-4 {\n\t\t\t\tmargin: auto;\n\t\t\t}\n\t\t\t#gallery-4 .gallery-item {\n\t\t\t\tfloat: left;\n\t\t\t\tmargin-top: 10px;\n\t\t\t\ttext-align: center;\n\t\t\t\twidth: 100%;\n\t\t\t}\n\t\t\t#gallery-4 img {\n\t\t\t\tborder: 2px solid #cfcfcf;\n\t\t\t}\n\t\t\t#gallery-4 .gallery-caption {\n\t\t\t\tmargin-left: 0;\n\t\t\t}\n\t\t\t\/* see gallery_shortcode() in wp-includes\/media.php *\/\n\t\t<\/style>\n\t\t<div id='gallery-4' class='gallery galleryid-263 gallery-columns-1 gallery-size-thumbnail'><dl class='gallery-item'>\n\t\t\t<dt class='gallery-icon portrait'>\n\t\t\t\t<a href='http:\/\/www.rseapmu.org\/wp-content\/uploads\/2013\/12\/17-octubre-2013-7-e1390904954316.jpg'><img width=\"150\" height=\"150\" src=\"http:\/\/www.rseapmu.org\/wp-content\/uploads\/2013\/12\/17-octubre-2013-7-150x150.jpg\" class=\"attachment-thumbnail size-thumbnail\" alt=\"\" decoding=\"async\" loading=\"lazy\" aria-describedby=\"gallery-4-419\" \/><\/a>\n\t\t\t<\/dt>\n\t\t\t\t<dd class='wp-caption-text gallery-caption' id='gallery-4-419'>\n\t\t\t\tPonencia de Jos\u00e9 Manuel de la Pe\u00f1a S\u00e1nchez en la Sede de la Real Sociedad Econ\u00f3mica el 17 de octubre de 2013\n\t\t\t\t<\/dd><\/dl><br style=\"clear: both\" \/><dl class='gallery-item'>\n\t\t\t<dt class='gallery-icon portrait'>\n\t\t\t\t<a href='http:\/\/www.rseapmu.org\/wp-content\/uploads\/2013\/12\/17-octubre-2013-6-e1390905025951.jpg'><img width=\"150\" height=\"150\" src=\"http:\/\/www.rseapmu.org\/wp-content\/uploads\/2013\/12\/17-octubre-2013-6-150x150.jpg\" class=\"attachment-thumbnail size-thumbnail\" alt=\"\" decoding=\"async\" loading=\"lazy\" aria-describedby=\"gallery-4-418\" \/><\/a>\n\t\t\t<\/dt>\n\t\t\t\t<dd class='wp-caption-text gallery-caption' id='gallery-4-418'>\n\t\t\t\tPonencia de Jos\u00e9 Manuel de la Pe\u00f1a S\u00e1nchez en la Sede de la Real Sociedad Econ\u00f3mica el 17 de octubre de 2013\n\t\t\t\t<\/dd><\/dl><br style=\"clear: both\" \/><dl class='gallery-item'>\n\t\t\t<dt class='gallery-icon landscape'>\n\t\t\t\t<a href='http:\/\/www.rseapmu.org\/wp-content\/uploads\/2013\/12\/17-octubre-2013-5-e1390905070488.jpg'><img width=\"150\" height=\"150\" src=\"http:\/\/www.rseapmu.org\/wp-content\/uploads\/2013\/12\/17-octubre-2013-5-150x150.jpg\" class=\"attachment-thumbnail size-thumbnail\" alt=\"\" decoding=\"async\" loading=\"lazy\" aria-describedby=\"gallery-4-417\" \/><\/a>\n\t\t\t<\/dt>\n\t\t\t\t<dd class='wp-caption-text gallery-caption' id='gallery-4-417'>\n\t\t\t\tPonencia de Jos\u00e9 Manuel de la Pe\u00f1a S\u00e1nchez en la Sede de la Real Sociedad Econ\u00f3mica el 17 de octubre de 2013\n\t\t\t\t<\/dd><\/dl><br style=\"clear: both\" \/><dl class='gallery-item'>\n\t\t\t<dt class='gallery-icon landscape'>\n\t\t\t\t<a href='http:\/\/www.rseapmu.org\/wp-content\/uploads\/2013\/12\/17-octubre-2013-2-e1390905313986.jpg'><img width=\"150\" height=\"150\" src=\"http:\/\/www.rseapmu.org\/wp-content\/uploads\/2013\/12\/17-octubre-2013-2-150x150.jpg\" class=\"attachment-thumbnail size-thumbnail\" alt=\"\" decoding=\"async\" loading=\"lazy\" aria-describedby=\"gallery-4-414\" \/><\/a>\n\t\t\t<\/dt>\n\t\t\t\t<dd class='wp-caption-text gallery-caption' id='gallery-4-414'>\n\t\t\t\tPonencia de Jos\u00e9 Manuel de la Pe\u00f1a S\u00e1nchez en la Sede de la Real Sociedad Econ\u00f3mica el 17 de octubre de 2013\n\t\t\t\t<\/dd><\/dl><br style=\"clear: both\" \/><dl class='gallery-item'>\n\t\t\t<dt class='gallery-icon landscape'>\n\t\t\t\t<a href='http:\/\/www.rseapmu.org\/wp-content\/uploads\/2013\/12\/17-octubre-2013-3-e1390905261794.jpg'><img width=\"150\" height=\"150\" src=\"http:\/\/www.rseapmu.org\/wp-content\/uploads\/2013\/12\/17-octubre-2013-3-150x150.jpg\" class=\"attachment-thumbnail size-thumbnail\" alt=\"\" decoding=\"async\" loading=\"lazy\" aria-describedby=\"gallery-4-415\" \/><\/a>\n\t\t\t<\/dt>\n\t\t\t\t<dd class='wp-caption-text gallery-caption' id='gallery-4-415'>\n\t\t\t\tPonencia de Jos\u00e9 Manuel de la Pe\u00f1a S\u00e1nchez en la Sede de la Real Sociedad Econ\u00f3mica el 17 de octubre de 2013\n\t\t\t\t<\/dd><\/dl><br style=\"clear: both\" \/><dl class='gallery-item'>\n\t\t\t<dt class='gallery-icon landscape'>\n\t\t\t\t<a href='http:\/\/www.rseapmu.org\/wp-content\/uploads\/2013\/12\/17-octubre-2013-4-e1390905155687.jpg'><img width=\"150\" height=\"150\" src=\"http:\/\/www.rseapmu.org\/wp-content\/uploads\/2013\/12\/17-octubre-2013-4-150x150.jpg\" class=\"attachment-thumbnail size-thumbnail\" alt=\"\" decoding=\"async\" loading=\"lazy\" aria-describedby=\"gallery-4-416\" \/><\/a>\n\t\t\t<\/dt>\n\t\t\t\t<dd class='wp-caption-text gallery-caption' id='gallery-4-416'>\n\t\t\t\tPonencia de Jos\u00e9 Manuel de la Pe\u00f1a S\u00e1nchez en la Sede de la Real Sociedad Econ\u00f3mica el \n\t\t\t\t<\/dd><\/dl><br style=\"clear: both\" \/><dl class='gallery-item'>\n\t\t\t<dt class='gallery-icon landscape'>\n\t\t\t\t<a href='http:\/\/www.rseapmu.org\/wp-content\/uploads\/2013\/12\/17-octubre-2013-e1390383450423.jpg'><img width=\"150\" height=\"150\" src=\"http:\/\/www.rseapmu.org\/wp-content\/uploads\/2013\/12\/17-octubre-2013-150x150.jpg\" class=\"attachment-thumbnail size-thumbnail\" alt=\"\" decoding=\"async\" loading=\"lazy\" aria-describedby=\"gallery-4-412\" \/><\/a>\n\t\t\t<\/dt>\n\t\t\t\t<dd class='wp-caption-text gallery-caption' id='gallery-4-412'>\n\t\t\t\tPonencia de Jos\u00e9 Manuel de la Pe\u00f1a S\u00e1nchez en la Sede de la Real Sociedad Econ\u00f3mica el 17 de octubre de 2013\n\t\t\t\t<\/dd><\/dl><br style=\"clear: both\" \/><dl class='gallery-item'>\n\t\t\t<dt class='gallery-icon portrait'>\n\t\t\t\t<a href='http:\/\/www.rseapmu.org\/wp-content\/uploads\/2013\/12\/17-octubre-2013-1-e1390905346874.jpg'><img width=\"150\" height=\"150\" src=\"http:\/\/www.rseapmu.org\/wp-content\/uploads\/2013\/12\/17-octubre-2013-1-150x150.jpg\" class=\"attachment-thumbnail size-thumbnail\" alt=\"\" decoding=\"async\" loading=\"lazy\" aria-describedby=\"gallery-4-413\" \/><\/a>\n\t\t\t<\/dt>\n\t\t\t\t<dd class='wp-caption-text gallery-caption' id='gallery-4-413'>\n\t\t\t\tPonencia de Jos\u00e9 Manuel de la Pe\u00f1a S\u00e1nchez en la Sede de la Real Sociedad Econ\u00f3mica el 17 de octubre de 2013\n\t\t\t\t<\/dd><\/dl><br style=\"clear: both\" \/>\n\t\t<\/div>\n\n","protected":false},"excerpt":{"rendered":"<p>&#8220;Water and energy as instruments for peace&#8221; Ponencia &#8220;Los nuevos desequilibrios financieros y comerciales&#8221; \u00a0Ponencia &#8220;Ecolog\u00eda y supervivencia civilizatoria&#8221; Ponencia &#8220;La globalizaci\u00f3n: algunos aspectos para la gobernaci\u00f3n en el siglo XXI&#8221;<\/p>\n","protected":false},"author":1,"featured_media":0,"parent":0,"menu_order":0,"comment_status":"closed","ping_status":"open","template":"","meta":[],"_links":{"self":[{"href":"http:\/\/www.rseapmu.org\/index.php?rest_route=\/wp\/v2\/pages\/263"}],"collection":[{"href":"http:\/\/www.rseapmu.org\/index.php?rest_route=\/wp\/v2\/pages"}],"about":[{"href":"http:\/\/www.rseapmu.org\/index.php?rest_route=\/wp\/v2\/types\/page"}],"author":[{"embeddable":true,"href":"http:\/\/www.rseapmu.org\/index.php?rest_route=\/wp\/v2\/users\/1"}],"replies":[{"embeddable":true,"href":"http:\/\/www.rseapmu.org\/index.php?rest_route=%2Fwp%2Fv2%2Fcomments&post=263"}],"version-history":[{"count":14,"href":"http:\/\/www.rseapmu.org\/index.php?rest_route=\/wp\/v2\/pages\/263\/revisions"}],"predecessor-version":[{"id":814,"href":"http:\/\/www.rseapmu.org\/index.php?rest_route=\/wp\/v2\/pages\/263\/revisions\/814"}],"wp:attachment":[{"href":"http:\/\/www.rseapmu.org\/index.php?rest_route=%2Fwp%2Fv2%2Fmedia&parent=263"}],"curies":[{"name":"wp","href":"https:\/\/api.w.org\/{rel}","templated":true}]}}